 7. Let j(w) = -w**3 - w**2 + w - 1. What is j(v)?
-2
Let s(y) = -4*y + 2 - 4*y + 4 + y**2. Let l(a) be the second derivative of -a**4/12 - 7*a**3/3 - 43*a**2/2 + 7*a. Let i be l(-7). Calculate s(i).
-6
Let h = -41 + 43. Suppose 0 = -k - v + 5, -k + 3*v + 3 = h*v. Let b(u) = 3*u. Let t(w) = 2*w + 1. Let r(o) = 5*b(o) - 6*t(o). Calculate r(k).
6
Let v = 46 + -41. Let t(r) = -9*r - v - r**2 - 8*r + 5*r + 22*r. Give t(6).
19
Let d(j) = 4*j + 0*j - 10*j - 4 + 4*j. Let n = 112 - 116. Determine d(n).
4
Let b(h) = -2*h**3 + 18*h**2 - 5*h + 41. Let r be b(9). Let u(v) = -4*v - 5. What is u(r)?
11
Suppose 0 = 234*o - 223*o - 154. Let f(n) = n**2 - 17*n + 43. What is f(o)?
1
Let v be (-3)/(((-2)/(-24))/(-13 + 12)). Let m = v + -44. Let u(f) = f**3 + 9*f**2 + 8*f. Give u(m).
0
Let w be (5/10)/1*(4 + 0). Let g(u) = 115 + 120 + u**w - 241 + 4*u. Calculate g(-6).
6
Let b(t) = 3*t**2 - t + 2. Let z(v) = v**2 - 22. Let f be z(6). Let r be (-5)/((-175)/85) - 6/f. Determine b(r).
12
Let h(a) = 3*a**3 + a**2. Suppose -6*c = -c - 10. Suppose -2 = -4*r + c*z, 0*z = 4*r + z - 17. Suppose -r*m - g = 8, -g - 3*g = 4*m + 24. Calculate h(m).
-2
Let m(h) be the third derivative of 0 - 1/4*h**4 + 1/120*h**6 + h**3 + 0*h + 14*h**2 - 1/12*h**5. Give m(6).
6
Let s(w) = w**2 - 7*w - 3. Let t(x) = 3*x**3 - 13 + 9*x**2 + 2*x + x - 3*x**2 - 4*x**3. Let g be t(6). Suppose g*o + 4*y = -0*o + 17, o - y - 7 = 0. Give s(o).
-13
Suppose -3*o = -9*o - 0*o. Let v(r) = -r**3 - r**2 - r - 3. Determine v(o).
-3
Let a(c) be the first derivative of 14*c**3 + c**2 - c - 192. What is a(1)?
43
Suppose -38*d = 252 + 14. Let z(p) = 2*p**2 + 10*p - 1. What is z(d)?
27
Suppose -2*d - 7 = k, 3*k + 2*k - 40 = 5*d. Let z = 1 + -1. Let v(l) = 2*l + z*l + 3 - 2 - k*l. Determine v(6).
-5
Let u(o) be the third derivative of -11*o**4/8 - 399*o**2. What is u(-2)?
66
Suppose 5*w = -3*l - 39 - 6, 5*w = -4*l - 50. Let a be -3*2/(-18)*w. Let m(x) = 2*x. Give m(a).
-4
Let y = -931 + 925. Let h(x) = 3*x**3 + 20*x**2 + 13*x + 9. Give h(y).
3
Suppose 108 = -4*z - 128. Let q = 60 + z. Let l(j) = 15*j**2 + j - 1. What is l(q)?
15
Let p(t) be the second derivative of -t**8/6720 + t**7/420 - t**5/20 + t**4/2 + 11*t. Let x(g) be the third derivative of p(g). What is x(6)?
-6
Let o(q) = 94*q + 111. Let j(w) = 30*w + 37. Let n(s) = 19*j(s) - 6*o(s). What is n(-5)?
7
Let x(h) = h**2. Let t(i) = 1 - 2*i + 4*i**2 - 4*i**2 - 3*i + i**2. Suppose -3*p = -2*p - 5. Let v be t(p). What is x(v)?
1
Let t(w) = 0 - 9 + 2*w + 5 - 11*w. Give t(-3).
23
Let h(p) = -p**3 + 4*p**2 - 2*p - 1. Let u(k) = k**2 - 9*k + 3. Let v be u(0). Calculate h(v).
2
Let z(w) be the first derivative of -4*w**2 + w - 529. Calculate z(2).
-15
Suppose 0 = 3*m - 1 + 7, 2*m = 5*f + 6. Let r(q) = -1 - 11*q**2 + 2*q - 12*q**2 + 36*q**2 - 10*q**2. Determine r(f).
7
Let p(m) = -m + 17. Let k be p(14). Let g(j) = -4*j + 4 + 6*j**2 - k*j - 8*j**3 + 7*j**3. Let n(a) = -a**2 - 9*a - 10. Let l be n(-7). Give g(l).
8
Let p(v) = -v**3 + 2*v**2 + 2. Let w be (-12)/4 + 4 + 0. Suppose -2*o - 5 - 5 = -2*n, o - w = -n. Determine p(n).
-7
Let t(h) = -5*h - 3. Suppose 5 = -b, 1 = -2*r - 3*b - 0. Let l be 3/9 + r/(-3). Give t(l).
7
Let u(p) = 9 - p + 484*p**3 - 241*p**3 - 244*p**3. Calculate u(0).
9
Let y(k) = 5*k - 11*k**2 + 97 - 9*k**2 - 2*k + k**2 - 99. Calculate y(1).
-18
Let o(w) be the third derivative of -1/24*w**4 + 0*w**5 + 1/360*w**6 + 0*w + 4/3*w**3 + 0 - 8*w**2. Let u(t) be the first derivative of o(t). What is u(-3)?
8
Suppose 9*t + 35 = 80. Let i(w) = w. Let u(x) = -2*x - 8. Let m(o) = 3*i(o) + u(o). Give m(t).
-3
Let m(u) = -u**3 - 8*u**2 + 6*u - 10. Let d = -106 + 97. Calculate m(d).
17
Let x(z) be the first derivative of z**4/12 - z**3/3 - z**2 + z - 55. Let r(b) be the second derivative of x(b). Give r(3).
4
Let v(h) = -h**3 + h**2 + 4*h - 6. Suppose -4*r - 290 = -306. Determine v(r).
-38
Let x(r) be the third derivative of r**6/120 + r**5/10 - 5*r**4/24 - r**3/2 - 398*r**2. Give x(-7).
-17
Let q(v) = -9*v**2 + 4*v + 9. Let b be q(-3). Let t = -89 - b. Let r(w) = -w - 6. What is r(t)?
-1
Let x(s) = -636*s**2 + 1283*s**2 + 1 - 635*s**2. Suppose 4*j - 2 - 2 = 0. Give x(j).
13
Let x(k) be the second derivative of -k**5/20 - k**4 - 13*k**3/6 + k**2 - 46*k. Give x(-11).
24
Let n = 330 - 210. Let q = n - -5. Let p(d) = q - 125 - 2*d. Calculate p(2).
-4
Let g be 852/28 + 12/(-28). Let c = 25 - g. Let h(a) = a**2 + 3*a + 4. Calculate h(c).
14
Let i be (-116)/(-10) + 3/(-5). Let s = i + -13. Let o(p) = -p + 2. What is o(s)?
4
Suppose -41*z = 25*z + 330. Let l(h) be the third derivative of -5/6*h**3 + 2*h**2 + 0 + 0*h - 1/24*h**4. Calculate l(z).
0
Let j(s) = -s**2 - 4*s - 2. Let x be (7 + 0)*16/28. Suppose -2*p + 8 = -x*p. Determine j(p).
-2
Let j(w) = -23*w + 2. Let m be j(-2). Let l(n) = 17*n - m*n + 25*n. Let c = -2 - -1. What is l(c)?
6
Let h(q) = -7*q - 11. Let g be h(-2). Suppose -4*v + p - 2 = -0, v + g*p = 6. Let k(r) = r**2 - r - 19. What is k(v)?
-19
Let h = 714 + -711. Let g(s) be the third derivative of 1/6*s**3 + 0*s + 1/24*s**4 + 0 + s**2. Give g(h).
4
Let o = 2 - 3. Let r(a) be the first derivative of 7*a**6/120 + a**5/60 - 9*a**2/2 - 16. Let g(d) be the second derivative of r(d). Give g(o).
-6
Let c(b) = -b**3 - 3*b**2 - 2*b + 2. Let x be c(-2). Let q(y) be the first derivative of y**2/2 + 2*y - 15. Determine q(x).
4
Let h(f) be the first derivative of 5*f**2/2 + 3*f + 74. What is h(4)?
23
Let r(i) be the first derivative of 10 - 17*i + 1/2*i**2. Let w be r(12). Let n(s) = s**2 + 4*s + 4. Determine n(w).
9
Let o(a) = -a**2 - 12*a + 49. Let i be o(-15). Let p(g) = g**2 - 6*g + 7. Determine p(i).
-1
Let z = -4/23 + 163/276. Let g(w) be the second derivative of 1/20*w**5 - w + 0 + 7/2*w**2 + z*w**4 - 5/6*w**3. Determine g(-6).
1
Let i be ((-16)/(-6))/(6/(-9)). Let u(p) = p**3 + 5*p**2 + 4*p - 2. What is u(i)?
-2
Let z be (-3 - (-12)/(-3))*(0 + 1). Let f(q) be the third derivative of 7/60*q**5 + 0*q**3 + 0 + 0*q**4 + 0*q - 2*q**2 + 1/120*q**6. Calculate f(z).
0
Let d(r) = r**3 + 2*r**2 - 3*r + 2. Let w(j) = j**2 + 4*j - 3. Let k be w(0). What is d(k)?
2
Let k(v) = 2. Let b(i) = -2*i - 6. Let o(w) = -b(w) - 8*k(w). Calculate o(6).
2
Let l(p) be the second derivative of p**4/12 - p**3/2 + p**2 - 11*p. Suppose 0 = -5*h + h + 8. Suppose 8 = 2*a + h. Calculate l(a).
2
Let j(s) = 9*s**2 - 10*s - 16. Let a(g) = 4*g**2 - 5*g - 8. Let f(m) = -7*a(m) + 3*j(m). Suppose 4*d + 3*o - 39 = 0, -d + 6*d - 2*o = 20. What is f(d)?
2
Let x(h) be the third derivative of -h**5/60 + h**4/3 - h**3/2 - 10*h**2. Let j be (5 - (-68)/(-10))/((-3)/10). What is x(j)?
9
Let u(f) = f**2 - 14*f + 21. Let j = -1756 - -1769. What is u(j)?
8
Let d(a) be the first derivative of a**4/6 - a**3/6 - 27*a**2/2 - 5. Let k(v) be the second derivative of d(v). Give k(3).
11
Let m(s) = -s**3 + 8*s**2 - s + 4. Let w(j) = -3*j + 6. Let d be w(4). Let f be (4/d)/(7/(-63)). Let t be f/4 - 39/(-6). Determine m(t).
-4
Let r(a) be the first derivative of -a**2/2 - 12*a - 90. What is r(-5)?
-7
Let f = -444 - -438. Let o(a) = 2*a + 2. Determine o(f).
-10
Let i(n) be the second derivative of n**4/12 + n**3/2 + 3*n**2 + 205*n. What is i(-4)?
10
Suppose 2*l - 5*i = -27, i - 40 = 4*l - 13. Let w(g) be the third derivative of -g**6/120 - g**5/10 + g**4/24 + 2*g**3/3 + 99*g**2. Determine w(l).
-2
Let j be -2 - (-7)/(63/(-36)). Let b(i) = -i - 9. Give b(j).
-3
Let y(h) = h + 1. Suppose -106 = -3*c - 5*b, 2*c - 5*b - 20 = 9. Suppose -2*d - 15 = -c. What is y(d)?
7
Let n(w) = w**2 + 10*w + 22. Let d(y) = -2*y**3 + 63*y**2 + 31*y + 26. Let j be d(32). Give n(j).
-2
Suppose -2*o + 7 = -29. Suppose -5*n + 12 + o = 0. Let r(m) = -6*m - 5*m**2 + 3*m**3 - 3 - 2*m**3 + m + 0*m. What is r(n)?
3
Let b(t) = 3*t - 1. Suppose 5*s - 38 - 12 = 0. Suppose 5*j = s*j - 5. Calculate b(j).
2
Let j(t) = -43*t**3 + 3*t**2 - 6*t + 31. Let f(o) = 15*o**3 - o**2 + 2*o - 11. Let d(z) = 17*f(z) + 6*j(z). Determine d(-2).
31
Let d(w) = -w + 2. Let o = 34 + -39. Let z(f) = -f + 4. Let j(u) = o*d(u) + 2*z(u). What is j(2)?
4
Let h be 3/(-1 + 3 + -1). Let f = 0 + h. Let y(v) be the second derivative of -v**3/2 + v**2/2 + 10*v. Determine y(f).
-8
Let b(x) = x**3 - x**2 - 2*x - 4. Let f be (-228)/(-18) - 6/9. Let n = -9 + f. Give b(n).
8
Let g(f) =